{"id":49,"date":"2021-02-06T03:10:57","date_gmt":"2021-02-06T03:10:57","guid":{"rendered":"http:\/\/stavnor.com\/index.php\/about\/"},"modified":"2026-05-14T09:20:11","modified_gmt":"2026-05-14T09:20:11","slug":"about","status":"publish","type":"page","link":"https:\/\/stavnor.com\/index.php\/about\/","title":{"rendered":"Hakk\u0131m\u0131zda"},"content":{"rendered":"<!--themify_builder_content-->\n<div id=\"themify_builder_content-49\" data-postid=\"49\" class=\"themify_builder_content themify_builder_content-49 themify_builder tf_clear\">\n                    <div  data-lazy=\"1\" class=\"module_row themify_builder_row tb_lf4k31 tb_first tf_w\">\n                        <div class=\"row_inner col_align_top tb_col_count_1 tf_box tf_rel\">\n                        <div  data-lazy=\"1\" class=\"module_column tb-column col-full tb_79zg33 first\">\n                    <!-- module text -->\n<div  class=\"module module-text tb_icgc671   \" data-lazy=\"1\">\n        <div  class=\"tb_text_wrap\">\n        <h1>Biz Kimiz?<\/h1>\n<p class=\"font-claude-response-body break-words whitespace-normal leading-[1.7]\">STAVNOR, \u00fcretimin kalbinde \u00e7al\u0131\u015fan bir m\u00fchendislik ve teknoloji \u015firketidir. Fabrika zemininden y\u00f6netim kararlar\u0131na kadar her noktada veriyi anlaml\u0131 hale getiriyor, s\u00fcre\u00e7leri ak\u0131ll\u0131 sistemlerle d\u00f6n\u00fc\u015ft\u00fcr\u00fcyoruz.<\/p>\n<p class=\"font-claude-response-body break-words whitespace-normal leading-[1.7]\">MES entegrasyonu, end\u00fcstriyel otomasyon ve dijital d\u00f6n\u00fc\u015f\u00fcm alanlar\u0131nda sundu\u011fumuz \u00e7\u00f6z\u00fcmler; \u00fcretim verimlili\u011fini art\u0131r\u0131r, kay\u0131plar\u0131 g\u00f6r\u00fcn\u00fcr k\u0131lar ve fabrikan\u0131z\u0131 gelece\u011fe haz\u0131rlar.<\/p>\n<p class=\"font-claude-response-body break-words whitespace-normal leading-[1.7]\">Biz haz\u0131r \u00e7\u00f6z\u00fcm satm\u0131yoruz. Her m\u00fc\u015fterimizin \u00fcretim s\u00fcrecini, hedeflerini ve k\u0131s\u0131tlar\u0131n\u0131 anlayarak \u00f6zg\u00fcn sistemler kuruyoruz. \u00c7\u00fcnk\u00fc iyi m\u00fchendislik, sahay\u0131 tan\u0131makla ba\u015flar.<\/p>\n<p class=\"font-claude-response-body break-words whitespace-normal leading-[1.7]\">\u0130stanbul&#8217;dan T\u00fcrkiye&#8217;nin d\u00f6rt bir yan\u0131na \u2014 sahaday\u0131z.<\/p>    <\/div>\n<\/div>\n<!-- \/module text -->        <\/div>\n                        <\/div>\n        <\/div>\n                        <div  data-lazy=\"1\" class=\"module_row themify_builder_row tb_o8et258 tf_w\">\n                        <div class=\"row_inner col_align_top tb_col_count_1 tf_box tf_rel\">\n                        <div  data-lazy=\"1\" class=\"module_column tb-column col-full tb_cnvm260 first\">\n                    <!-- module image -->\n<div  class=\"module module-image tb_fi30915 image-top rounded  auto_fullwidth tf_mw\" data-lazy=\"1\" data-lax-translate-y=\"(vh*1) 0,(vh*0) -70\" data-lax=\"true\">\n        <div class=\"image-wrap tf_rel tf_mw\">\n            <img loading=\"lazy\" decoding=\"async\" src=\"http:\/\/stavnor.com\/wp-content\/uploads\/2026\/05\/pexels-maymediadesign-33427061-scaled.jpg\" width=\"1000\" height=\"1707\" title=\"Hakk\u0131m\u0131zda\" alt=\"Hakk\u0131m\u0131zda\">    \n        <\/div>\n    <!-- \/image-wrap -->\n    \n        <\/div>\n<!-- \/module image -->        <\/div>\n                        <\/div>\n        <\/div>\n                        <div  data-lazy=\"1\" class=\"module_row themify_builder_row tb_8i5v343 tf_w\">\n                        <div class=\"row_inner col_align_top gutter-none tb_col_count_2 tf_box tf_rel\">\n                        <div  data-lazy=\"1\" class=\"module_column tb-column col4-2 tb_u19s344 first\">\n                    <!-- module text -->\n<div  class=\"module module-text tb_kswe894   \" data-lazy=\"1\">\n        <div  class=\"tb_text_wrap\">\n        <p>Yaz\u0131l\u0131m satm\u0131yoruz, \u00fcretim s\u00fcrecinizi d\u00f6n\u00fc\u015ft\u00fcr\u00fcyoruz. Kurulum g\u00fcn\u00fc de\u011fil, ilk verim art\u0131\u015f\u0131 g\u00fcn\u00fc ger\u00e7ek ba\u015flang\u0131\u00e7t\u0131r.<\/p>    <\/div>\n<\/div>\n<!-- \/module text -->        <\/div>\n                    <div  data-lazy=\"1\" class=\"module_column tb-column col4-2 tb_mnff210 last\">\n                    <!-- module text -->\n<div  class=\"module module-text tb_yn5q848   \" data-lazy=\"1\">\n        <div  class=\"tb_text_wrap\">\n        <p>ERP&#8217;niz, MES&#8217;iniz, sahadaki sens\u00f6rleriniz \u2014 hepsini tek bir ak\u0131ll\u0131 sisteme ba\u011fl\u0131yoruz. Verileriniz art\u0131k birbirleriyle konu\u015fuyor.<\/p>    <\/div>\n<\/div>\n<!-- \/module text -->        <\/div>\n                        <\/div>\n        <\/div>\n                        <div  data-lazy=\"1\" class=\"module_row themify_builder_row tb_m9eg88 tf_w\">\n                        <div class=\"row_inner col_align_top tb_col_count_1 tf_box tf_rel\">\n                        <div  data-lazy=\"1\" class=\"module_column tb-column col-full tb_3gu988 first\">\n                    <!-- module text -->\n<div  class=\"module module-text tb_0nu871   \" data-lazy=\"1\">\n        <div  class=\"tb_text_wrap\">\n        <h2>\u0130lkelerimiz<\/h2>    <\/div>\n<\/div>\n<!-- \/module text -->        <div  data-lazy=\"1\" class=\"module_subrow themify_builder_sub_row tf_w col_align_top tb_col_count_3 tb_5io590\">\n                <div  data-lazy=\"1\" class=\"module_column sub_column col3-1 tb_mqrv90 first\">\n                    <!-- module image -->\n<div  class=\"module module-image tb_h3l090 image-center   tf_mw\" data-lazy=\"1\">\n        <div class=\"image-wrap tf_rel tf_mw\">\n            <img loading=\"lazy\" decoding=\"async\" src=\"http:\/\/stavnor.com\/wp-content\/uploads\/2026\/05\/pexels-thisisengineering-19895919-scaled.jpg\" width=\"360\" height=\"230\" title=\"Hassas M\u00fchendislik\" alt=\"Fabrika zemininden kontrol odas\u0131na kadar her noktada do\u011fru veri, do\u011fru karar. M\u00fchendislik \u00e7\u00f6z\u00fcmlerimizi sahadan gelen ger\u00e7ek verilerle tasarl\u0131yor; \u00f6l\u00e7\u00fclebilir, izlenebilir ve s\u00fcrd\u00fcr\u00fclebilir sonu\u00e7lar sunuyoruz.\">    \n        <\/div>\n    <!-- \/image-wrap -->\n    \n        <div class=\"image-content\">\n                    <h3 class=\"image-title\">\n                                    Hassas M\u00fchendislik                            <\/h3>\n                        <div class=\"image-caption tb_text_wrap\">\n            Fabrika zemininden kontrol odas\u0131na kadar her noktada do\u011fru veri, do\u011fru karar. M\u00fchendislik \u00e7\u00f6z\u00fcmlerimizi sahadan gelen ger\u00e7ek verilerle tasarl\u0131yor; \u00f6l\u00e7\u00fclebilir, izlenebilir ve s\u00fcrd\u00fcr\u00fclebilir sonu\u00e7lar sunuyoruz.        <\/div>\n        <!-- \/image-caption -->\n            <\/div>\n    <!-- \/image-content -->\n        <\/div>\n<!-- \/module image -->        <\/div>\n                    <div  data-lazy=\"1\" class=\"module_column sub_column col3-1 tb_19x091\">\n                    <!-- module image -->\n<div  class=\"module module-image tb_455y91 image-center   tf_mw\" data-lazy=\"1\">\n        <div class=\"image-wrap tf_rel tf_mw\">\n            <img loading=\"lazy\" decoding=\"async\" src=\"http:\/\/stavnor.com\/wp-content\/uploads\/2026\/05\/pexels-cottonbro-6648410-scaled.jpg\" width=\"360\" height=\"230\" title=\"Kal\u0131c\u0131 Ortakl\u0131k\" alt=\"Bizim i\u00e7in bir proje teslimatta bitmez. Sisteminiz devreye girdikten sonra da yan\u0131n\u0131zday\u0131z \u2014 optimizasyon s\u00fcre\u00e7lerinde, ekip e\u011fitimlerinde ve b\u00fcy\u00fcme hedeflerinizde. M\u00fc\u015fterilerimizin ba\u015far\u0131s\u0131, bizim referans\u0131m\u0131zd\u0131r.\">    \n        <\/div>\n    <!-- \/image-wrap -->\n    \n        <div class=\"image-content\">\n                    <h3 class=\"image-title\">\n                                    Kal\u0131c\u0131 Ortakl\u0131k                            <\/h3>\n                        <div class=\"image-caption tb_text_wrap\">\n            \nBizim i\u00e7in bir proje teslimatta bitmez. Sisteminiz devreye girdikten sonra da yan\u0131n\u0131zday\u0131z \u2014 optimizasyon s\u00fcre\u00e7lerinde, ekip e\u011fitimlerinde ve b\u00fcy\u00fcme hedeflerinizde. M\u00fc\u015fterilerimizin ba\u015far\u0131s\u0131, bizim referans\u0131m\u0131zd\u0131r.        <\/div>\n        <!-- \/image-caption -->\n            <\/div>\n    <!-- \/image-content -->\n        <\/div>\n<!-- \/module image -->        <\/div>\n                    <div  data-lazy=\"1\" class=\"module_column sub_column col3-1 tb_12vx91 last\">\n                    <!-- module image -->\n<div  class=\"module module-image tb_5hts92 image-center   tf_mw\" data-lazy=\"1\">\n        <div class=\"image-wrap tf_rel tf_mw\">\n            <img loading=\"lazy\" decoding=\"async\" src=\"http:\/\/stavnor.com\/wp-content\/uploads\/2026\/05\/pexels-pixabay-373543-scaled.jpg\" width=\"360\" height=\"230\" title=\"S\u00fcrekli D\u00f6n\u00fc\u015f\u00fcm\" alt=\"\u00dcretim s\u00fcre\u00e7leri dura\u011fan kalmaz, siz de kalmamal\u0131s\u0131n\u0131z. MES sistemlerimiz sayesinde fabrikan\u0131z her g\u00fcn biraz daha ak\u0131ll\u0131 \u00e7al\u0131\u015f\u0131r \u2014 veriyi analiz eder, darbo\u011fazlar\u0131 \u00f6ng\u00f6r\u00fcr ve sizi bir ad\u0131m \u00f6ne ta\u015f\u0131r.\">    \n        <\/div>\n    <!-- \/image-wrap -->\n    \n        <div class=\"image-content\">\n                    <h3 class=\"image-title\">\n                                    S\u00fcrekli D\u00f6n\u00fc\u015f\u00fcm                            <\/h3>\n                        <div class=\"image-caption tb_text_wrap\">\n            \u00dcretim s\u00fcre\u00e7leri dura\u011fan kalmaz, siz de kalmamal\u0131s\u0131n\u0131z. MES sistemlerimiz sayesinde fabrikan\u0131z her g\u00fcn biraz daha ak\u0131ll\u0131 \u00e7al\u0131\u015f\u0131r \u2014 veriyi analiz eder, darbo\u011fazlar\u0131 \u00f6ng\u00f6r\u00fcr ve sizi bir ad\u0131m \u00f6ne ta\u015f\u0131r.        <\/div>\n        <!-- \/image-caption -->\n            <\/div>\n    <!-- \/image-content -->\n        <\/div>\n<!-- \/module image -->        <\/div>\n                    <\/div>\n                <\/div>\n                        <\/div>\n        <\/div>\n        <\/div>\n<!--\/themify_builder_content-->","protected":false},"excerpt":{"rendered":"<p>Biz Kimiz? STAVNOR, \u00fcretimin kalbinde \u00e7al\u0131\u015fan bir m\u00fchendislik ve teknoloji \u015firketidir. Fabrika zemininden y\u00f6netim kararlar\u0131na kadar her noktada veriyi anlaml\u0131 hale getiriyor, s\u00fcre\u00e7leri ak\u0131ll\u0131 sistemlerle d\u00f6n\u00fc\u015ft\u00fcr\u00fcyoruz. MES entegrasyonu, end\u00fcstriyel otomasyon ve dijital d\u00f6n\u00fc\u015f\u00fcm alanlar\u0131nda sundu\u011fumuz \u00e7\u00f6z\u00fcmler; \u00fcretim verimlili\u011fini art\u0131r\u0131r, kay\u0131plar\u0131 g\u00f6r\u00fcn\u00fcr k\u0131lar ve fabrikan\u0131z\u0131 gelece\u011fe haz\u0131rlar. Biz haz\u0131r \u00e7\u00f6z\u00fcm satm\u0131yoruz. Her m\u00fc\u015fterimizin \u00fcretim s\u00fcrecini, hedeflerini [&hellip;]<\/p>\n","protected":false},"author":1,"featured_media":0,"parent":0,"menu_order":0,"comment_status":"closed","ping_status":"closed","template":"","meta":{"footnotes":""},"class_list":["post-49","page","type-page","status-publish","hentry","has-post-title","has-post-date","has-post-category","has-post-tag","has-post-comment","has-post-author",""],"builder_content":"<h1>Biz Kimiz?<\/h1> <p>STAVNOR, \u00fcretimin kalbinde \u00e7al\u0131\u015fan bir m\u00fchendislik ve teknoloji \u015firketidir. Fabrika zemininden y\u00f6netim kararlar\u0131na kadar her noktada veriyi anlaml\u0131 hale getiriyor, s\u00fcre\u00e7leri ak\u0131ll\u0131 sistemlerle d\u00f6n\u00fc\u015ft\u00fcr\u00fcyoruz.<\/p> <p>MES entegrasyonu, end\u00fcstriyel otomasyon ve dijital d\u00f6n\u00fc\u015f\u00fcm alanlar\u0131nda sundu\u011fumuz \u00e7\u00f6z\u00fcmler; \u00fcretim verimlili\u011fini art\u0131r\u0131r, kay\u0131plar\u0131 g\u00f6r\u00fcn\u00fcr k\u0131lar ve fabrikan\u0131z\u0131 gelece\u011fe haz\u0131rlar.<\/p> <p>Biz haz\u0131r \u00e7\u00f6z\u00fcm satm\u0131yoruz. Her m\u00fc\u015fterimizin \u00fcretim s\u00fcrecini, hedeflerini ve k\u0131s\u0131tlar\u0131n\u0131 anlayarak \u00f6zg\u00fcn sistemler kuruyoruz. \u00c7\u00fcnk\u00fc iyi m\u00fchendislik, sahay\u0131 tan\u0131makla ba\u015flar.<\/p> <p>\u0130stanbul'dan T\u00fcrkiye'nin d\u00f6rt bir yan\u0131na \u2014 sahaday\u0131z.<\/p>\n<img src=\"http:\/\/stavnor.com\/wp-content\/uploads\/2026\/05\/pexels-maymediadesign-33427061-scaled.jpg\" width=\"1000\" height=\"1707\" title=\"Hakk\u0131m\u0131zda\" alt=\"Hakk\u0131m\u0131zda\">\n<p>Yaz\u0131l\u0131m satm\u0131yoruz, \u00fcretim s\u00fcrecinizi d\u00f6n\u00fc\u015ft\u00fcr\u00fcyoruz. Kurulum g\u00fcn\u00fc de\u011fil, ilk verim art\u0131\u015f\u0131 g\u00fcn\u00fc ger\u00e7ek ba\u015flang\u0131\u00e7t\u0131r.<\/p>\n<p>ERP'niz, MES'iniz, sahadaki sens\u00f6rleriniz \u2014 hepsini tek bir ak\u0131ll\u0131 sisteme ba\u011fl\u0131yoruz. Verileriniz art\u0131k birbirleriyle konu\u015fuyor.<\/p>\n<h2>\u0130lkelerimiz<\/h2>\n<img src=\"http:\/\/stavnor.com\/wp-content\/uploads\/2026\/05\/pexels-thisisengineering-19895919-scaled.jpg\" width=\"360\" height=\"230\" title=\"Hassas M\u00fchendislik\" alt=\"Fabrika zemininden kontrol odas\u0131na kadar her noktada do\u011fru veri, do\u011fru karar. M\u00fchendislik \u00e7\u00f6z\u00fcmlerimizi sahadan gelen ger\u00e7ek verilerle tasarl\u0131yor; \u00f6l\u00e7\u00fclebilir, izlenebilir ve s\u00fcrd\u00fcr\u00fclebilir sonu\u00e7lar sunuyoruz.\"> <h3> Hassas M\u00fchendislik <\/h3> Fabrika zemininden kontrol odas\u0131na kadar her noktada do\u011fru veri, do\u011fru karar. M\u00fchendislik \u00e7\u00f6z\u00fcmlerimizi sahadan gelen ger\u00e7ek verilerle tasarl\u0131yor; \u00f6l\u00e7\u00fclebilir, izlenebilir ve s\u00fcrd\u00fcr\u00fclebilir sonu\u00e7lar sunuyoruz.\n<img src=\"http:\/\/stavnor.com\/wp-content\/uploads\/2026\/05\/pexels-cottonbro-6648410-scaled.jpg\" width=\"360\" height=\"230\" title=\"Kal\u0131c\u0131 Ortakl\u0131k\" alt=\"Bizim i\u00e7in bir proje teslimatta bitmez. Sisteminiz devreye girdikten sonra da yan\u0131n\u0131zday\u0131z \u2014 optimizasyon s\u00fcre\u00e7lerinde, ekip e\u011fitimlerinde ve b\u00fcy\u00fcme hedeflerinizde. M\u00fc\u015fterilerimizin ba\u015far\u0131s\u0131, bizim referans\u0131m\u0131zd\u0131r.\"> <h3> Kal\u0131c\u0131 Ortakl\u0131k <\/h3> Bizim i\u00e7in bir proje teslimatta bitmez. Sisteminiz devreye girdikten sonra da yan\u0131n\u0131zday\u0131z \u2014 optimizasyon s\u00fcre\u00e7lerinde, ekip e\u011fitimlerinde ve b\u00fcy\u00fcme hedeflerinizde. M\u00fc\u015fterilerimizin ba\u015far\u0131s\u0131, bizim referans\u0131m\u0131zd\u0131r.\n<img src=\"http:\/\/stavnor.com\/wp-content\/uploads\/2026\/05\/pexels-pixabay-373543-scaled.jpg\" width=\"360\" height=\"230\" title=\"S\u00fcrekli D\u00f6n\u00fc\u015f\u00fcm\" alt=\"\u00dcretim s\u00fcre\u00e7leri dura\u011fan kalmaz, siz de kalmamal\u0131s\u0131n\u0131z. MES sistemlerimiz sayesinde fabrikan\u0131z her g\u00fcn biraz daha ak\u0131ll\u0131 \u00e7al\u0131\u015f\u0131r \u2014 veriyi analiz eder, darbo\u011fazlar\u0131 \u00f6ng\u00f6r\u00fcr ve sizi bir ad\u0131m \u00f6ne ta\u015f\u0131r.\"> <h3> S\u00fcrekli D\u00f6n\u00fc\u015f\u00fcm <\/h3> \u00dcretim s\u00fcre\u00e7leri dura\u011fan kalmaz, siz de kalmamal\u0131s\u0131n\u0131z. MES sistemlerimiz sayesinde fabrikan\u0131z her g\u00fcn biraz daha ak\u0131ll\u0131 \u00e7al\u0131\u015f\u0131r \u2014 veriyi analiz eder, darbo\u011fazlar\u0131 \u00f6ng\u00f6r\u00fcr ve sizi bir ad\u0131m \u00f6ne ta\u015f\u0131r.\n<img src=\"http:\/\/stavnor.com\/wp-content\/uploads\/2026\/05\/house-icon-90x89-1.png\" width=\"90\" height=\"89\" title=\"Hakk\u0131m\u0131zda\" alt=\"Hakk\u0131m\u0131zda\">\n<h3>1721<\/h3> <p>Home renovations<\/p>\n<img src=\"http:\/\/stavnor.com\/wp-content\/uploads\/2026\/05\/sold-icon-90x89-1.png\" width=\"90\" height=\"89\" title=\"Hakk\u0131m\u0131zda\" alt=\"Hakk\u0131m\u0131zda\">\n<h3>274<\/h3> <p>House re-modelling<\/p>\n<img src=\"http:\/\/stavnor.com\/wp-content\/uploads\/2026\/05\/rent-icon-90x89-1.png\" width=\"90\" height=\"89\" title=\"Hakk\u0131m\u0131zda\" alt=\"Hakk\u0131m\u0131zda\">\n<h3>840<\/h3> <p>Commercial rentals<\/p>\n<img src=\"http:\/\/stavnor.com\/wp-content\/uploads\/2026\/05\/people-icon-90x89-1.png\" width=\"90\" height=\"89\" title=\"Hakk\u0131m\u0131zda\" alt=\"Hakk\u0131m\u0131zda\">\n<h3>2145<\/h3> <p>Happy clients<\/p>\n<h2>What Client Said<\/h2>\n<img src=\"data:image\/svg+xml,%3Csvg%20xmlns=%27http:\/\/www.w3.org\/2000\/svg%27%20width='375'%20height='500'%20viewBox=%270%200%20375%20500%27%3E%3C\/svg%3E\" loading=\"lazy\" data-lazy=\"1\" data-tf-not-load=\"1\" decoding=\"async\" data-tf-src=\"http:\/\/stavnor.com\/wp-content\/uploads\/2026\/05\/connor.jpg\" width=\"360\" height=\"500\" title=\"Hakk\u0131m\u0131zda\" alt=\"Hakk\u0131m\u0131zda\"><noscript><img data-tf-not-load data-no-script src=\"http:\/\/stavnor.com\/wp-content\/uploads\/2026\/05\/connor.jpg\" width=\"360\" height=\"500\" title=\"Hakk\u0131m\u0131zda\" alt=\"Hakk\u0131m\u0131zda\"><\/noscript> Working with interior Design Co., was a dream come true. We worked closely with the whole team to plan, design and execute our hotel project. They ensured that we all work collaboratively to make our vision come true. They stayed with our project from conceptualization to completion and way beyond. Thank you to the whole team of Interior Design Co. Our hotel is currently being rated as one of the most desired place to stay for 2021. <img src=\"data:image\/svg+xml,%3Csvg%20xmlns=%27http:\/\/www.w3.org\/2000\/svg%27%20width='375'%20height='500'%20viewBox=%270%200%20375%20500%27%3E%3C\/svg%3E\" loading=\"lazy\" data-lazy=\"1\" data-tf-not-load=\"1\" decoding=\"async\" data-tf-src=\"http:\/\/stavnor.com\/wp-content\/uploads\/2026\/05\/vanessa.jpg\" width=\"360\" height=\"500\" title=\"Hakk\u0131m\u0131zda\" alt=\"Hakk\u0131m\u0131zda\"><noscript><img data-tf-not-load data-no-script src=\"http:\/\/stavnor.com\/wp-content\/uploads\/2026\/05\/vanessa.jpg\" width=\"360\" height=\"500\" title=\"Hakk\u0131m\u0131zda\" alt=\"Hakk\u0131m\u0131zda\"><\/noscript> I could not stop staring at our newly renovated home! I contacted Interior Design Co. to design our dream home after so many disappointments with other companies, and I sure did not regret my decision. They were with me through the nitty-gritty side of things delivering the highest quality of work while ensuring that they adhere to the budget and the timeline. <img src=\"data:image\/svg+xml,%3Csvg%20xmlns=%27http:\/\/www.w3.org\/2000\/svg%27%20width='371'%20height='500'%20viewBox=%270%200%20371%20500%27%3E%3C\/svg%3E\" loading=\"lazy\" data-lazy=\"1\" data-tf-not-load=\"1\" decoding=\"async\" data-tf-src=\"http:\/\/stavnor.com\/wp-content\/uploads\/2026\/05\/rhonda.jpg\" width=\"360\" height=\"500\" title=\"Hakk\u0131m\u0131zda\" alt=\"Hakk\u0131m\u0131zda\"><noscript><img data-tf-not-load data-no-script src=\"http:\/\/stavnor.com\/wp-content\/uploads\/2026\/05\/rhonda.jpg\" width=\"360\" height=\"500\" title=\"Hakk\u0131m\u0131zda\" alt=\"Hakk\u0131m\u0131zda\"><\/noscript> They definitely live up to their reputation as one of the best in the industry. They have worked with many of my projects and have gone above and beyond with their service and their quality of work. They always take the time to understand their client's vision, business objectives and market opportunities, and they combine these with their expertise in the industry and the broader market to ensure that their design is current and fresh.","_links":{"self":[{"href":"https:\/\/stavnor.com\/index.php\/wp-json\/wp\/v2\/pages\/49","targetHints":{"allow":["GET"]}}],"collection":[{"href":"https:\/\/stavnor.com\/index.php\/wp-json\/wp\/v2\/pages"}],"about":[{"href":"https:\/\/stavnor.com\/index.php\/wp-json\/wp\/v2\/types\/page"}],"author":[{"embeddable":true,"href":"https:\/\/stavnor.com\/index.php\/wp-json\/wp\/v2\/users\/1"}],"replies":[{"embeddable":true,"href":"https:\/\/stavnor.com\/index.php\/wp-json\/wp\/v2\/comments?post=49"}],"version-history":[{"count":37,"href":"https:\/\/stavnor.com\/index.php\/wp-json\/wp\/v2\/pages\/49\/revisions"}],"predecessor-version":[{"id":525,"href":"https:\/\/stavnor.com\/index.php\/wp-json\/wp\/v2\/pages\/49\/revisions\/525"}],"wp:attachment":[{"href":"https:\/\/stavnor.com\/index.php\/wp-json\/wp\/v2\/media?parent=49"}],"curies":[{"name":"wp","href":"https:\/\/api.w.org\/{rel}","templated":true}]}}