{"id":39,"date":"2021-02-18T11:24:54","date_gmt":"2021-02-18T11:24:54","guid":{"rendered":"http:\/\/stavnor.com\/index.php\/services\/"},"modified":"2026-05-14T09:21:57","modified_gmt":"2026-05-14T09:21:57","slug":"services","status":"publish","type":"page","link":"https:\/\/stavnor.com\/index.php\/services\/","title":{"rendered":"Hizmetlerimiz"},"content":{"rendered":"<!--themify_builder_content-->\n<div id=\"themify_builder_content-39\" data-postid=\"39\" class=\"themify_builder_content themify_builder_content-39 themify_builder tf_clear\">\n                    <div  data-lazy=\"1\" class=\"module_row themify_builder_row tb_pjqw80 tb_first tf_w\">\n            <span  class=\"builder_row_cover tf_abs\" data-lazy=\"1\"><\/span>            <div class=\"row_inner col_align_top tb_col_count_1 tf_box tf_rel\">\n                        <div  data-lazy=\"1\" class=\"module_column tb-column col-full tb_9zon80 first\">\n                    <!-- module text -->\n<div  class=\"module module-text tb_39fw80   \" data-lazy=\"1\">\n        <div  class=\"tb_text_wrap\">\n        <h1>Hizmetlerimiz<\/h1>\n<h6>STAVNOR olarak \u00fcretim s\u00fcre\u00e7lerinizi u\u00e7tan uca dijitalle\u015ftiriyoruz. Sahadan veri toplamaktan ERP entegrasyonuna, kalite izlenebilirli\u011finden ger\u00e7ek zamanl\u0131 OEE takibine kadar fabrikan\u0131z\u0131n ihtiya\u00e7 duydu\u011fu her \u00e7\u00f6z\u00fcm\u00fc tek \u00e7at\u0131 alt\u0131nda sunuyoruz. Makineleriniz, operat\u00f6rleriniz ve s\u00fcre\u00e7leriniz hakk\u0131nda do\u011fru veriye sahip oldu\u011funuzda karar vermek kolayla\u015f\u0131r, kay\u0131plar g\u00f6r\u00fcn\u00fcr hale gelir ve verimlilik art\u0131\u015f\u0131 \u00f6l\u00e7\u00fclebilir sonu\u00e7lara d\u00f6n\u00fc\u015f\u00fcr.<\/h6>    <\/div>\n<\/div>\n<!-- \/module text -->        <\/div>\n                        <\/div>\n        <\/div>\n                        <div  data-lazy=\"1\" class=\"module_row themify_builder_row tb_emax267 tf_w hide-desktop hide-tablet hide-tablet_landscape hide-mobile\">\n                        <div class=\"row_inner col_align_top tb_col_count_1 tf_box tf_rel\">\n                        <div  data-lazy=\"1\" class=\"module_column tb-column col-full tb_i7uc269 first\">\n                    <!-- module text -->\n<div  class=\"module module-text tb_5ea6418   \" data-lazy=\"1\">\n        <div  class=\"tb_text_wrap\">\n        <h2>Our Patners<\/h2>    <\/div>\n<\/div>\n<!-- \/module text -->        <div  data-lazy=\"1\" class=\"module_subrow themify_builder_sub_row tf_w col_align_middle tb_col_count_5 tb_m8z4284\">\n                <div  data-lazy=\"1\" class=\"module_column sub_column col5-1 tb_8low286 first\">\n                    <!-- module image -->\n<div  class=\"module module-image tb_k81y751 image-center   tf_mw\" data-lazy=\"1\">\n        <div class=\"image-wrap tf_rel tf_mw\">\n            <img loading=\"lazy\" decoding=\"async\" src=\"http:\/\/stavnor.com\/wp-content\/uploads\/2026\/05\/logo-artdeco-174x58-1.png\" width=\"174\" height=\"58\" title=\"Hizmetlerimiz\" alt=\"Hizmetlerimiz\">    \n        <\/div>\n    <!-- \/image-wrap -->\n    \n        <\/div>\n<!-- \/module image -->        <\/div>\n                    <div  data-lazy=\"1\" class=\"module_column sub_column col5-1 tb_6st0287\">\n                    <!-- module image -->\n<div  class=\"module module-image tb_xbuw527 image-center   tf_mw\" data-lazy=\"1\">\n        <div class=\"image-wrap tf_rel tf_mw\">\n            <img loading=\"lazy\" decoding=\"async\" src=\"http:\/\/stavnor.com\/wp-content\/uploads\/2026\/05\/logo-tutto-174x58-1.png\" width=\"174\" height=\"58\" title=\"Hizmetlerimiz\" alt=\"Hizmetlerimiz\">    \n        <\/div>\n    <!-- \/image-wrap -->\n    \n        <\/div>\n<!-- \/module image -->        <\/div>\n                    <div  data-lazy=\"1\" class=\"module_column sub_column col5-1 tb_p0rk287\">\n                    <!-- module image -->\n<div  class=\"module module-image tb_gl3v618 image-center   tf_mw\" data-lazy=\"1\">\n        <div class=\"image-wrap tf_rel tf_mw\">\n            <img loading=\"lazy\" decoding=\"async\" src=\"http:\/\/stavnor.com\/wp-content\/uploads\/2026\/05\/logo-belikoff-174x58-1.png\" width=\"174\" height=\"58\" title=\"Hizmetlerimiz\" alt=\"Hizmetlerimiz\">    \n        <\/div>\n    <!-- \/image-wrap -->\n    \n        <\/div>\n<!-- \/module image -->        <\/div>\n                    <div  data-lazy=\"1\" class=\"module_column sub_column col5-1 tb_b0nk10\">\n                    <!-- module image -->\n<div  class=\"module module-image tb_84dw526 image-center   tf_mw\" data-lazy=\"1\">\n        <div class=\"image-wrap tf_rel tf_mw\">\n            <img loading=\"lazy\" decoding=\"async\" src=\"http:\/\/stavnor.com\/wp-content\/uploads\/2026\/05\/logo-simplify-174x58-1.png\" width=\"174\" height=\"58\" title=\"Hizmetlerimiz\" alt=\"Hizmetlerimiz\">    \n        <\/div>\n    <!-- \/image-wrap -->\n    \n        <\/div>\n<!-- \/module image -->        <\/div>\n                    <div  data-lazy=\"1\" class=\"module_column sub_column col5-1 tb_556f720 last\">\n                    <!-- module image -->\n<div  class=\"module module-image tb_btg8837 image-center   tf_mw\" data-lazy=\"1\">\n        <div class=\"image-wrap tf_rel tf_mw\">\n            <img loading=\"lazy\" decoding=\"async\" src=\"http:\/\/stavnor.com\/wp-content\/uploads\/2026\/05\/logo-dimensia-174x58-1.png\" width=\"174\" height=\"58\" title=\"Hizmetlerimiz\" alt=\"Hizmetlerimiz\">    \n        <\/div>\n    <!-- \/image-wrap -->\n    \n        <\/div>\n<!-- \/module image -->        <\/div>\n                    <\/div>\n                <\/div>\n                        <\/div>\n        <\/div>\n                        <div  data-css_id=\"pt5a172\" data-lazy=\"1\" class=\"module_row themify_builder_row fullwidth_row_container tb_pt5a172 tf_w\">\n                        <div class=\"row_inner col_align_top tb_col_count_1 tf_box tf_rel\">\n                        <div  data-lazy=\"1\" class=\"module_column tb-column col-full tb_pmpk173 first\">\n                            <div  data-lazy=\"1\" class=\"module_subrow themify_builder_sub_row tf_w col_align_top gutter-none tb_col_count_2 tb_yuym174\">\n                <div  data-lazy=\"1\" class=\"module_column sub_column tb_zpji175 first\">\n                    <!-- module image -->\n<div  class=\"module module-image tb_lx6o161 image-center rounded  tf_mw\" data-lazy=\"1\">\n        <div class=\"image-wrap tf_rel tf_mw\">\n            <img loading=\"lazy\" decoding=\"async\" src=\"http:\/\/stavnor.com\/wp-content\/uploads\/2026\/05\/pexels-brett-sayles-2881233-scaled.jpg\" width=\"540\" height=\"400\" title=\"Hizmetlerimiz\" alt=\"Hizmetlerimiz\">    \n        <\/div>\n    <!-- \/image-wrap -->\n    \n        <\/div>\n<!-- \/module image -->        <\/div>\n                    <div  data-lazy=\"1\" class=\"module_column sub_column tb_lnd1175 last\">\n                    <!-- module text -->\n<div  class=\"module module-text tb_fwzw176   \" data-lazy=\"1\">\n        <div  class=\"tb_text_wrap\">\n        <h2><b>Veri Toplama ve Haberle\u015fme (Connectivity)<\/b><\/h2>\n<p><span style=\"font-size: 16px;\"><b>Otomatik Veri Toplama (DAQ):<\/b><span style=\"font-weight: 400;\"> Sens\u00f6rlerden (ak\u0131m, s\u0131cakl\u0131k, bas\u0131n\u00e7) anl\u0131k veri \u00e7ekme \u00e7\u00f6z\u00fcmleri<\/span><\/span><\/p>\n<p><span style=\"font-size: 16px;\"><b>Makine ve PLC Entegrasyonu:<span style=\"font-weight: 400;\"> CNC makinelerinden OPC UA, MT Connect veya Modbus protokolleri ile veri okuma<\/span><\/b><\/span><\/p>\n<p><b>Giri\u015fimsel Olmayan Sistem Kurulumu:<\/b><span style=\"font-weight: 400;\"> No-code platformlar i\u00e7in tak-\u00e7al\u0131\u015ft\u0131r donan\u0131m entegrasyonu<\/span><\/p>\n<p><b>IIoT Gateway Y\u00f6netimi:<\/b><span style=\"font-weight: 400;\"> Saha verilerinin g\u00fcvenli bir \u015fekilde yerel sunucuya veya buluta aktar\u0131lmas\u0131<\/span><\/p>    <\/div>\n<\/div>\n<!-- \/module text -->        <\/div>\n                    <\/div>\n                <\/div>\n                        <\/div>\n        <\/div>\n                        <div  data-lazy=\"1\" class=\"module_row themify_builder_row tb_0xtq925 tf_w\">\n                        <div class=\"row_inner col_align_middle tb_col_count_2 tf_box tf_rel\">\n                        <div  data-lazy=\"1\" class=\"module_column tb-column col4-2 tb_mdey926 first\">\n                    <!-- module text -->\n<div  class=\"module module-text tb_vugf539   \" data-lazy=\"1\">\n        <div  class=\"tb_text_wrap\">\n        <h2><b>Operasyonel Y\u00f6netim (Execution)<\/b><\/h2>\n<p><b>Dijital \u0130\u015f Emirleri:<\/b><span style=\"font-weight: 400;\"> K\u00e2\u011f\u0131t formlar\u0131 ortadan kald\u0131ran, operat\u00f6r\u00fcn ekran\u0131na d\u00fc\u015fen dinamik i\u015f listeleri<br><\/span><\/p>\n<p><b>OEE (Ekipman Verimlili\u011fi) Takibi:<\/b><span style=\"font-weight: 400;\"> Kullan\u0131labilirlik, performans ve kalite verilerinin ger\u00e7ek zamanl\u0131 izlenmesi<\/span><\/p>\n<p><b>Duru\u015f Analizi: <\/b><span style=\"font-weight: 400;\">Makinelerin neden durdu\u011funun (ar\u0131za, ayar, malzeme yoklu\u011fu vb.) kategorize edilmesi ve raporlanmas\u0131<\/span><\/p>\n<p><b>Dijital Andon Sistemleri:<\/b><span style=\"font-weight: 400;\"> Hat \u00fczerindeki aksakl\u0131klar\u0131n anl\u0131k olarak ilgili departmanlara g\u00f6rsel ve i\u015fitsel bildirilmesi<\/span><\/p>    <\/div>\n<\/div>\n<!-- \/module text -->        <\/div>\n                    <div  data-lazy=\"1\" class=\"module_column tb-column col4-2 tb_g6us887 last\">\n                    <!-- module image -->\n<div  class=\"module module-image tb_jlqg484 image-top   tf_mw\" data-lazy=\"1\" data-lax-translate-y=\"(vh*1) 0,(vh*0) -70\" data-lax=\"true\">\n        <div class=\"image-wrap tf_rel tf_mw\">\n            <img loading=\"lazy\" decoding=\"async\" src=\"http:\/\/stavnor.com\/wp-content\/uploads\/2026\/05\/pexels-olha-ruskykh-7504784-scaled.jpg\" width=\"600\" height=\"550\" title=\"Hizmetlerimiz\" alt=\"Hizmetlerimiz\">    \n        <\/div>\n    <!-- \/image-wrap -->\n    \n        <\/div>\n<!-- \/module image -->        <\/div>\n                        <\/div>\n        <\/div>\n                        <div  data-lazy=\"1\" class=\"module_row themify_builder_row tb_t94r219 tf_w\">\n                        <div class=\"row_inner col_align_top tb_col_count_2 tf_box tf_rel\">\n                        <div  data-lazy=\"1\" class=\"module_column tb-column col4-2 tb_wto7221 first\">\n                    <!-- module image -->\n<div  class=\"module module-image tb_k2a6426 image-center rounded  tf_mw\" data-lazy=\"1\" data-lax-translate-y=\"(vh*1) 0,(vh*0) -70\" data-lax=\"true\">\n        <div class=\"image-wrap tf_rel tf_mw\">\n            <img loading=\"lazy\" decoding=\"async\" src=\"http:\/\/stavnor.com\/wp-content\/uploads\/2026\/05\/pexels-michael-orshan-2159363670-36003969-scaled.jpg\" width=\"593\" height=\"650\" title=\"Hizmetlerimiz\" alt=\"Hizmetlerimiz\">    \n        <\/div>\n    <!-- \/image-wrap -->\n    \n        <\/div>\n<!-- \/module image -->        <\/div>\n                    <div  data-lazy=\"1\" class=\"module_column tb-column col4-2 tb_4yfa188 last\">\n                    <!-- module text -->\n<div  class=\"module module-text tb_2xu0221   \" data-lazy=\"1\" data-lax-translate-y=\"(vh*1) 0,(vh*0) -140\" data-lax=\"true\">\n        <div  class=\"tb_text_wrap\">\n        <h2><b>Kalite ve \u0130zlenebilirlik (Quality &amp; Traceability)<\/b><\/h2>\n<p><b>Dijital Kalite Kontrol:<\/b><span style=\"font-weight: 400;\"> Operat\u00f6rlerin \u00f6l\u00e7\u00fcm verilerini (kumpas, terazi vb.) do\u011frudan sisteme girmesi<\/span><\/p>\n<p><b>\u0130statistiksel S\u00fcre\u00e7 Kontrol (SPC):<\/b><span style=\"font-weight: 400;\"> Verilerin Minitab mant\u0131\u011f\u0131yla analiz edilip, hatalar olu\u015fmadan sistemin uyar\u0131lmas\u0131<\/span><\/p>\n<p><b>\u00dcr\u00fcn \u015eeceresi (Product Genealogy)<\/b><span style=\"font-weight: 400;\">: Bir \u00fcr\u00fcn\u00fcn hangi hammadde ile, hangi makinede ve hangi operat\u00f6r taraf\u0131ndan \u00fcretildi\u011finin geriye d\u00f6n\u00fck takibi<\/span><\/p>\n<p><b>Hata \u00d6nleme (Poka-Yoke):<\/b><span style=\"font-weight: 400;\"> Dijital ad\u0131mlar sayesinde yanl\u0131\u015f montaj\u0131n veya eksik i\u015flemin engellenmesi<\/span><\/p>    <\/div>\n<\/div>\n<!-- \/module text -->        <\/div>\n                        <\/div>\n        <\/div>\n                        <div  data-lazy=\"1\" class=\"module_row themify_builder_row tb_wrjr438 tf_w\">\n                        <div class=\"row_inner col_align_top gutter-narrow tb_col_count_2 tf_box tf_rel\">\n                        <div  data-lazy=\"1\" class=\"module_column tb-column tb_g50m440 first\">\n                    <!-- module text -->\n<div  class=\"module module-text tb_dszy472   \" data-lazy=\"1\">\n        <div  class=\"tb_text_wrap\">\n        <h2><b>Analitik ve Entegrasyon (Intelligence)<\/b><\/h2>\n<p><b>KPI Dashboard Tasar\u0131m\u0131:<\/b><span style=\"font-weight: 400;\"> Y\u00f6netim i\u00e7in ger\u00e7ek zamanl\u0131 \u00fcretim performans ekranlar\u0131<\/span><\/p>\n<p><b>ERP Entegrasyonu:<\/b><span style=\"font-weight: 400;\"> Sahadan toplanan \u00fcretim ve kalite verilerinin ERP mod\u00fcllerine otomatik aktar\u0131lmas\u0131<\/span><\/p>\n<p><b>Kestirimci Bak\u0131m Verisi:<\/b><span style=\"font-weight: 400;\"> DAQ \u00fczerinden gelen titre\u015fim ve \u0131s\u0131l verilerin bak\u0131m planlamas\u0131na d\u00f6n\u00fc\u015ft\u00fcr\u00fclmesi<\/span><\/p>\n<p><b>Varl\u0131k Y\u00f6netimi (Asset Tracking):<\/b><span style=\"font-weight: 400;\"> Kal\u0131plar\u0131n, aparatlar\u0131n ve de\u011ferli ekipmanlar\u0131n fabrika i\u00e7indeki konum ve kullan\u0131m \u00f6mr\u00fc takibi<\/span><\/p>    <\/div>\n<\/div>\n<!-- \/module text -->        <\/div>\n                    <div  data-lazy=\"1\" class=\"module_column tb-column tb_uxts440 last\">\n                    <!-- module image -->\n<div  class=\"module module-image tb_m153698 image-center rounded  tf_mw\" data-lazy=\"1\">\n        <div class=\"image-wrap tf_rel tf_mw\">\n            <img loading=\"lazy\" decoding=\"async\" src=\"http:\/\/stavnor.com\/wp-content\/uploads\/2026\/05\/pexels-kevin-ku-92347-577585-scaled.jpg\" width=\"600\" height=\"600\" title=\"Hizmetlerimiz\" alt=\"Hizmetlerimiz\">    \n        <\/div>\n    <!-- \/image-wrap -->\n    \n        <\/div>\n<!-- \/module image -->        <\/div>\n                        <\/div>\n        <\/div>\n        <\/div>\n<!--\/themify_builder_content-->","protected":false},"excerpt":{"rendered":"<p>Hizmetlerimiz STAVNOR olarak \u00fcretim s\u00fcre\u00e7lerinizi u\u00e7tan uca dijitalle\u015ftiriyoruz. Sahadan veri toplamaktan ERP entegrasyonuna, kalite izlenebilirli\u011finden ger\u00e7ek zamanl\u0131 OEE takibine kadar fabrikan\u0131z\u0131n ihtiya\u00e7 duydu\u011fu her \u00e7\u00f6z\u00fcm\u00fc tek \u00e7at\u0131 alt\u0131nda sunuyoruz. Makineleriniz, operat\u00f6rleriniz ve s\u00fcre\u00e7leriniz hakk\u0131nda do\u011fru veriye sahip oldu\u011funuzda karar vermek kolayla\u015f\u0131r, kay\u0131plar g\u00f6r\u00fcn\u00fcr hale gelir ve verimlilik art\u0131\u015f\u0131 \u00f6l\u00e7\u00fclebilir sonu\u00e7lara d\u00f6n\u00fc\u015f\u00fcr.<\/p>\n","protected":false},"author":1,"featured_media":0,"parent":0,"menu_order":0,"comment_status":"closed","ping_status":"closed","template":"","meta":{"footnotes":""},"class_list":["post-39","page","type-page","status-publish","hentry","has-post-title","has-post-date","has-post-category","has-post-tag","has-post-comment","has-post-author",""],"builder_content":"<h1>Hizmetlerimiz<\/h1> <h6>STAVNOR olarak \u00fcretim s\u00fcre\u00e7lerinizi u\u00e7tan uca dijitalle\u015ftiriyoruz. Sahadan veri toplamaktan ERP entegrasyonuna, kalite izlenebilirli\u011finden ger\u00e7ek zamanl\u0131 OEE takibine kadar fabrikan\u0131z\u0131n ihtiya\u00e7 duydu\u011fu her \u00e7\u00f6z\u00fcm\u00fc tek \u00e7at\u0131 alt\u0131nda sunuyoruz. Makineleriniz, operat\u00f6rleriniz ve s\u00fcre\u00e7leriniz hakk\u0131nda do\u011fru veriye sahip oldu\u011funuzda karar vermek kolayla\u015f\u0131r, kay\u0131plar g\u00f6r\u00fcn\u00fcr hale gelir ve verimlilik art\u0131\u015f\u0131 \u00f6l\u00e7\u00fclebilir sonu\u00e7lara d\u00f6n\u00fc\u015f\u00fcr.<\/h6>\n<h2>Our Patners<\/h2>\n<img src=\"http:\/\/stavnor.com\/wp-content\/uploads\/2026\/05\/logo-artdeco-174x58-1.png\" width=\"174\" height=\"58\" title=\"Hizmetlerimiz\" alt=\"Hizmetlerimiz\">\n<img src=\"http:\/\/stavnor.com\/wp-content\/uploads\/2026\/05\/logo-tutto-174x58-1.png\" width=\"174\" height=\"58\" title=\"Hizmetlerimiz\" alt=\"Hizmetlerimiz\">\n<img src=\"http:\/\/stavnor.com\/wp-content\/uploads\/2026\/05\/logo-belikoff-174x58-1.png\" width=\"174\" height=\"58\" title=\"Hizmetlerimiz\" alt=\"Hizmetlerimiz\">\n<img src=\"http:\/\/stavnor.com\/wp-content\/uploads\/2026\/05\/logo-simplify-174x58-1.png\" width=\"174\" height=\"58\" title=\"Hizmetlerimiz\" alt=\"Hizmetlerimiz\">\n<img src=\"http:\/\/stavnor.com\/wp-content\/uploads\/2026\/05\/logo-dimensia-174x58-1.png\" width=\"174\" height=\"58\" title=\"Hizmetlerimiz\" alt=\"Hizmetlerimiz\">\n<img src=\"http:\/\/stavnor.com\/wp-content\/uploads\/2026\/05\/pexels-brett-sayles-2881233-scaled.jpg\" width=\"540\" height=\"400\" title=\"Hizmetlerimiz\" alt=\"Hizmetlerimiz\">\n<h2><b>Veri Toplama ve Haberle\u015fme (Connectivity)<\/b><\/h2> <p><b>Otomatik Veri Toplama (DAQ):<\/b> Sens\u00f6rlerden (ak\u0131m, s\u0131cakl\u0131k, bas\u0131n\u00e7) anl\u0131k veri \u00e7ekme \u00e7\u00f6z\u00fcmleri<\/p> <p><b>Makine ve PLC Entegrasyonu: CNC makinelerinden OPC UA, MT Connect veya Modbus protokolleri ile veri okuma<\/b><\/p> <p><b>Giri\u015fimsel Olmayan Sistem Kurulumu:<\/b> No-code platformlar i\u00e7in tak-\u00e7al\u0131\u015ft\u0131r donan\u0131m entegrasyonu<\/p> <p><b>IIoT Gateway Y\u00f6netimi:<\/b> Saha verilerinin g\u00fcvenli bir \u015fekilde yerel sunucuya veya buluta aktar\u0131lmas\u0131<\/p>\n<h2><b>Operasyonel Y\u00f6netim (Execution)<\/b><\/h2> <p><b>Dijital \u0130\u015f Emirleri:<\/b> K\u00e2\u011f\u0131t formlar\u0131 ortadan kald\u0131ran, operat\u00f6r\u00fcn ekran\u0131na d\u00fc\u015fen dinamik i\u015f listeleri<br><\/p> <p><b>OEE (Ekipman Verimlili\u011fi) Takibi:<\/b> Kullan\u0131labilirlik, performans ve kalite verilerinin ger\u00e7ek zamanl\u0131 izlenmesi<\/p> <p><b>Duru\u015f Analizi: <\/b>Makinelerin neden durdu\u011funun (ar\u0131za, ayar, malzeme yoklu\u011fu vb.) kategorize edilmesi ve raporlanmas\u0131<\/p> <p><b>Dijital Andon Sistemleri:<\/b> Hat \u00fczerindeki aksakl\u0131klar\u0131n anl\u0131k olarak ilgili departmanlara g\u00f6rsel ve i\u015fitsel bildirilmesi<\/p>\n<img src=\"http:\/\/stavnor.com\/wp-content\/uploads\/2026\/05\/pexels-olha-ruskykh-7504784-scaled.jpg\" width=\"600\" height=\"550\" title=\"Hizmetlerimiz\" alt=\"Hizmetlerimiz\">\n<img src=\"http:\/\/stavnor.com\/wp-content\/uploads\/2026\/05\/pexels-michael-orshan-2159363670-36003969-scaled.jpg\" width=\"593\" height=\"650\" title=\"Hizmetlerimiz\" alt=\"Hizmetlerimiz\">\n<h2><b>Kalite ve \u0130zlenebilirlik (Quality &amp; Traceability)<\/b><\/h2> <p><b>Dijital Kalite Kontrol:<\/b> Operat\u00f6rlerin \u00f6l\u00e7\u00fcm verilerini (kumpas, terazi vb.) do\u011frudan sisteme girmesi<\/p> <p><b>\u0130statistiksel S\u00fcre\u00e7 Kontrol (SPC):<\/b> Verilerin Minitab mant\u0131\u011f\u0131yla analiz edilip, hatalar olu\u015fmadan sistemin uyar\u0131lmas\u0131<\/p> <p><b>\u00dcr\u00fcn \u015eeceresi (Product Genealogy)<\/b>: Bir \u00fcr\u00fcn\u00fcn hangi hammadde ile, hangi makinede ve hangi operat\u00f6r taraf\u0131ndan \u00fcretildi\u011finin geriye d\u00f6n\u00fck takibi<\/p> <p><b>Hata \u00d6nleme (Poka-Yoke):<\/b> Dijital ad\u0131mlar sayesinde yanl\u0131\u015f montaj\u0131n veya eksik i\u015flemin engellenmesi<\/p>\n<h2><b>Analitik ve Entegrasyon (Intelligence)<\/b><\/h2> <p><b>KPI Dashboard Tasar\u0131m\u0131:<\/b> Y\u00f6netim i\u00e7in ger\u00e7ek zamanl\u0131 \u00fcretim performans ekranlar\u0131<\/p> <p><b>ERP Entegrasyonu:<\/b> Sahadan toplanan \u00fcretim ve kalite verilerinin ERP mod\u00fcllerine otomatik aktar\u0131lmas\u0131<\/p> <p><b>Kestirimci Bak\u0131m Verisi:<\/b> DAQ \u00fczerinden gelen titre\u015fim ve \u0131s\u0131l verilerin bak\u0131m planlamas\u0131na d\u00f6n\u00fc\u015ft\u00fcr\u00fclmesi<\/p> <p><b>Varl\u0131k Y\u00f6netimi (Asset Tracking):<\/b> Kal\u0131plar\u0131n, aparatlar\u0131n ve de\u011ferli ekipmanlar\u0131n fabrika i\u00e7indeki konum ve kullan\u0131m \u00f6mr\u00fc takibi<\/p>\n<img src=\"http:\/\/stavnor.com\/wp-content\/uploads\/2026\/05\/pexels-kevin-ku-92347-577585-scaled.jpg\" width=\"600\" height=\"600\" title=\"Hizmetlerimiz\" alt=\"Hizmetlerimiz\">\n<img src=\"http:\/\/stavnor.com\/wp-content\/uploads\/2026\/05\/renovation-plan-375x512-1.jpg\" width=\"375\" height=\"512\" title=\"Renovation &amp; Remodelling\" alt=\"Renovation &amp; Remodelling\"> <h3> Renovation & Remodelling <\/h3>\n<img src=\"http:\/\/stavnor.com\/wp-content\/uploads\/2026\/05\/advices-375x513-1.jpg\" width=\"375\" height=\"513\" title=\"Advices &amp; Consultation\" alt=\"Advices &amp; Consultation\"> <h3> Advices & Consultation <\/h3>\n<img src=\"http:\/\/stavnor.com\/wp-content\/uploads\/2026\/05\/worker-375x512-1.jpg\" width=\"375\" height=\"512\" title=\"Professional Workers\" alt=\"Professional Workers\"> <h3> Professional Workers <\/h3>\n<h3>Renovation Plan<\/h3> <p>We know that embarking into renovations can be daunting and expensive. That is why we make the process as seamless as possible to ensure that we are with you from concept through execution. Our renovation plan starts with meeting with our team of architects and designers and drawing out each stages of the renovation, providing transparency and managing expectations.\u00a0<\/p>\n<a href=\"https:\/\/themify.me\/\" > Learn more <em><svg xmlns:xlink=\"http:\/\/www.w3.org\/1999\/xlink\" aria-hidden=\"true\"><use href=\"#tf-ti-arrow-right\" xlink:href=\"#tf-ti-arrow-right\"><\/use><\/svg><\/em> <\/a>\n<h2>Get a Quote<\/h2> <p>We would love to hear about your upcoming project! Contact us to book a 1:1 consultation with one of our talented designers so we can discuss your project in great detail together and get a quote. Initial consultations will be free of charge.<\/p>\n<a href=\"https:\/\/themify.org\/ultra-interior\/contact\/\" > Contact Us <em><svg xmlns:xlink=\"http:\/\/www.w3.org\/1999\/xlink\" aria-hidden=\"true\"><use href=\"#tf-ti-arrow-right\" xlink:href=\"#tf-ti-arrow-right\"><\/use><\/svg><\/em> <\/a>","_links":{"self":[{"href":"https:\/\/stavnor.com\/index.php\/wp-json\/wp\/v2\/pages\/39","targetHints":{"allow":["GET"]}}],"collection":[{"href":"https:\/\/stavnor.com\/index.php\/wp-json\/wp\/v2\/pages"}],"about":[{"href":"https:\/\/stavnor.com\/index.php\/wp-json\/wp\/v2\/types\/page"}],"author":[{"embeddable":true,"href":"https:\/\/stavnor.com\/index.php\/wp-json\/wp\/v2\/users\/1"}],"replies":[{"embeddable":true,"href":"https:\/\/stavnor.com\/index.php\/wp-json\/wp\/v2\/comments?post=39"}],"version-history":[{"count":63,"href":"https:\/\/stavnor.com\/index.php\/wp-json\/wp\/v2\/pages\/39\/revisions"}],"predecessor-version":[{"id":527,"href":"https:\/\/stavnor.com\/index.php\/wp-json\/wp\/v2\/pages\/39\/revisions\/527"}],"wp:attachment":[{"href":"https:\/\/stavnor.com\/index.php\/wp-json\/wp\/v2\/media?parent=39"}],"curies":[{"name":"wp","href":"https:\/\/api.w.org\/{rel}","templated":true}]}}